f z and m?
5
Let f(v) = v**2 - 4*v + 74. Let j be f(10). Let u = 0 + j. What is the highest common divisor of 67 and u?
67
Suppose 2911 = 27*t - 53163 - 80870. Calculate the greatest common factor of 16 and t.
16
Let y(l) = -2*l**2 - 12*l - 43. Let r be y(-11). Let n = r + 176. What is the highest common factor of 253 and n?
23
Suppose -24*l + 0 + 936 = 0. Let r = 622 + -401. What is the greatest common divisor of l and r?
13
Let u(j) = -27*j + 507. Let z be u(18). What is the highest common divisor of z and 93?
3
Let j(n) = n**2 - 11*n + 414. Let f be j(0). What is the highest common factor of f and 92?
46
Let b(h) = 369*h**2 + 125*h + 536. Let p be b(-4). Calculate the greatest common divisor of 440 and p.
220
Let l = 958 + -181. What is the highest common divisor of 168 and l?
21
Suppose -3*s + 179 = 5*v - 536, 0 = 2*v - s - 275. What is the highest common factor of v and 245?
35
Suppose -2*v - 1248 = -4*n, -3*v - 667 - 891 = -5*n. Suppose -316*a = -n*a - 198. Calculate the highest common factor of a and 72.
9
Let g be 3 + -8*21/2. Let f = g + 143. Suppose 3*h = 3*s - 297, -4*s + 27 = 2*h - 333. What is the highest common divisor of f and s?
31
Suppose 0*v = 8*v + 568. Let r = 75 + v. Let w be 850/17 + (-2)/(r/6). Calculate the highest common factor of 282 and w.
47
Let q(i) = i**3 - 8*i**2 - 57*i + 205. Let h be q(14). Let r = 35 - 13. Calculate the greatest common factor of h and r.
11
Let t(h) = 41*h**2 + 114*h - 503. Let w be t(23). Calculate the greatest common divisor of w and 186.
186
Let q = 81 + -133. Let b be (-5 - (-1)/1)*143/q. Suppose 9 - b = -s. Calculate the highest common factor of 8 and s.
2
Suppose -3*j - 4*w = -121, -4*j + 160 = -w + 6*w. Suppose -j*v + 36*v = 117. What is the greatest common factor of v and 9?
9
Let l = 1989 + -1973. Calculate the greatest common factor of l and 29.
1
Let z = -4133 - -4234. Calculate the greatest common divisor of z and 9292.
101
Let g(q) = -2*q + 23. Let v be g(6). Suppose 3*m = -i - 5, 4*m - 9 = 4*i + 5*m. Let x be 0 + (-55)/i*(-2)/(-1). What is the highest common divisor of v and x?
11
Suppose -132 = -115*u + 113*u. What is the highest common factor of u and 2706?
66
Suppose 0 = 3*j - 23 - 25. Let q = -748 + 751. Suppose -q*l = v - 28, 3*v + 18*l - 14*l - 64 = 0. What is the highest common factor of v and j?
16
Suppose -5*k - w + 94639 = 0, 0 = -3*k - 7*w + 3*w + 56780. Calculate the highest common divisor of 112 and k.
112
Let y be 4*(-1*5 + (-595)/(-34)). Suppose 594 - y = 8*p. What is the highest common factor of p and 170?
34
Let c be 5 - 5 - -1 - (-9 + 2). Suppose 3*j + 8 = 4*j. Suppose -z + j = q, 0 = 2*q - 7*q. Calculate the greatest common factor of c and z.
8
Suppose -5*l + 7 + 3 = 0. Suppose 0*c - 3*c - q = -88, 0 = 3*c - l*q - 76. What is the greatest common factor of 42 and c?
14
Let n = 16000 + -15947. Calculate the greatest common factor of n and 6307.
53
Let b(h) = -2*h + 18. Let p = -59 + 67. Let n be b(p). Suppose 3*u + t = 57, 0*u - 2*t + 96 = 5*u. Calculate the highest common divisor of n and u.
2
Suppose 9067 + 15956 = 86*s + 5243. Calculate the highest common factor of 2668 and s.
46
Let h be (-386)/(-14) + 4/((-28)/(-3)). Suppose -20 = -a - 3*a. Suppose -c = 5*y - 57, a*c + 3*y - 282 + 63 = 0. What is the highest common factor of h and c?
14
Let x(d) = -d**2 - 15*d + 43. Let b be x(-17). Let c(s) = 66*s + 82. Let r be c(b). Calculate the greatest common factor of r and 52.
52
Let d = 334 - 336. Let k be (d - (-24)/9)/(27/1701). Calculate the greatest common divisor of 273 and k.
21
Suppose 0 = 3*u + 12, -u - 3043 = -2*x + 1993. What is the greatest common factor of x and 204?
68
Let r = -36 + 63. Let m = r - 26. Let d be -1*m - (5 + (4 - 26)). Calculate the highest common factor of d and 40.
8
Let z be 80/(-35) - 2/(-7) - 33. Let k be (212/(-42) - (-10)/z)*-15. Calculate the highest common divisor of k and 96.
16
Suppose -67*u - 11034 = -680*u. Let i = -2 - -2. Suppose i*l - 4*l = -36. What is the greatest common factor of l and u?
9
Let f(n) = -3*n + 290. Let j be f(36). Let o be (-7)/(308/(-1152)) + 4/(-22). Calculate the greatest common factor of o and j.
26
Let u(t) = 2*t**2 + 5*t - 9. Let f be u(2). Suppose f*p = -8*p - 170. Let i be 1/((-5)/3) + (-1716)/p. Calculate the greatest common factor of i and 9.
9
Let p = 14917 + -14656. What is the highest common divisor of p and 31581?
261
Suppose 0 = 3*s - 2*y - 1586, -25*s + 1057 = -23*s - y. Calculate the greatest common divisor of 429 and s.
33
Suppose -2*n + 3*n - 12 = 0. Suppose 163*i = 4350 + 6858 - 2895. Calculate the highest common factor of n and i.
3
Let j be (5/10)/((-3)/(-96)*-2). Let m be 66/4*j*1/(-6). Calculate the greatest common divisor of 286 and m.
22
Let d be 2 - ((-4192)/40 + (-6)/5). What is the highest common divisor of d and 1593?
27
Let q(a) = 4560*a - 9 + 6*a**2 - 5*a**2 - 4533*a + 3*a**2. Let s be q(9). What is the highest common divisor of 18 and s?
18
Let x(m) be the third derivative of 11*m**4/24 + m**3/2 - 10*m**2. Let q be x(11). Suppose -27*w - 598 = -2272. Calculate the highest common divisor of w and q.
62
Let g(z) = -18*z + 50. Let t be g(12). Let u = 211 + t. Calculate the highest common factor of 36 and u.
9
Let c(i) = i**2 - 3 + 7 - 12*i - 3*i + 3*i. Let p be c(3). Let x = 40 - p. What is the greatest common divisor of x and 9?
9
Let v(a) = 4*a + 445. Let t be v(-43). Calculate the greatest common divisor of 35 and t.
7
Suppose w - 1686 = -5*w. Suppose 0 = -9*j - 29 + w. Calculate the greatest common divisor of j and 112.
28
Let h(f) = -4*f**3 - f**2 - 3*f - 1. Let p be h(-2). Suppose -324 + 38 = 11*b. Let q = 48 + b. What is the highest common factor of p and q?
11
Let j be (9*8/6)/1. Suppose t = -0*t + j. Let p be (((-8)/3)/4)/(17/(-1530)). What is the highest common factor of p and t?
12
Let v(f) = -f**3 - 3*f + 5. Let w(i) = -i**2 - 17*i + 35. Let t be w(-19). Let x be v(t). Let u = 64 + x. What is the highest common divisor of 30 and u?
15
Suppose 85*n - 1661 - 1144 = 0. Suppose 6*r = 3*r + 693. What is the greatest common divisor of r and n?
33
Let x be 4/(1 - (2 - 2)). Let m be 43/x - 1/(-4). Let a = 129632 - 129511. What is the highest common factor of a and m?
11
Suppose 5*u - 2*q = 4350, 3*u - 2563 = q + 46. What is the highest common factor of 42 and u?
14
Let o be -10 - -14 - 19 - -48. Calculate the highest common factor of 321 and o.
3
Let v = -236 - -439. Let w(q) = 2*q**3 + 63*q**2 - 325*q + 22. Let s be w(-36). Calculate the greatest common factor of s and v.
29
Let j(p) = 958*p + 1973. Let w be j(-2). Let z be ((-3 - -1) + 21)/1. Suppose 0 = 6*h - 5*h - z. What is the greatest common factor of w and h?
19
Suppose z + 12 = -3*z, 4*d + 4*z = 111 - 3. Let s(b) = 9*b**2 + 5*b + 5. Let c be s(5). What is the greatest common divisor of c and d?
15
Suppose f + 110 = g - 230, -5*g - 3*f + 1708 = 0. Let m be (12/8 + -2)/(3/606). Let u = m - -132. What is the highest common divisor of g and u?
31
Let l be 312/4 + (-4 - 0). Let z = 56 + l. Let a = z + -90. Calculate the greatest common factor of 16 and a.
8
Suppose 0 = 5*b + 15, 5*t - 3*b - b = -588. Let o be (-5)/t*4 + 107/6. Suppose 2*z + z - o = 0. What is the greatest common factor of 30 and z?
6
Let u be (-4 - -5) + (0 - -450). Suppose 4*z = 4*x - 348, 265*z - 261*z = 5*x - 430. What is the greatest common divisor of x and u?
41
Let c be (-567)/18*(-96)/36. What is the highest common factor of 108 and c?
12
Let p be (-87)/116 + (-1846)/(-8). Let l = p - 202. Suppose -2*r + 22 = -4*x - 18, 0 = -x + 4. Calculate the highest common factor of l and r.
28
Let d be 112/20 + 2/5. Let t be (8/6)/(d/90). Let i be (3 - 76/t)/(2/(-190)). What is the highest common divisor of 19 and i?
19
Let f(g) be the third derivative of 0*g + 0 - 2*g**3 - 9*g**2 + 29/12*g**4. Let c be f(4). What is the highest common divisor of c and 20?
20
Let a(h) = 60*h**3 + 7*h**2 - 2*h + 2. Let m = -168 - -170. Let r be a(m). What is the greatest common factor of 11 and r?
11
Let s(j) = -117*j**2 - 241*j - 3. Let h be s(-2). Calculate the greatest common factor of h and 3487.
11
Let t be -3 + 1 + 9 - (-21 + 23). What is the highest common divisor of 4880 and t?
5
Let l(g) = 6*g**2 - 27*g - 33. Let r be l(7). Suppose -3*o = 2*o - 80. Let m = o -